t n be r(-14). Suppose -n*o - 27 = -11. What are the prime factors of w(o)?
2
Suppose 30*u - 342749 + 76843 = 36914. What are the prime factors of u?
2, 7, 103
List the prime factors of 23/((-1150)/(-70)) - (-598106)/10.
2, 19, 787
List the prime factors of (-445448)/(-216)*9 + (-4)/(-6).
3, 23, 269
Suppose o + 33 = 40. List the prime factors of (-5 + o/2)*-142.
3, 71
Let y(i) = 5209*i - 597. What are the prime factors of y(2)?
7, 23, 61
Let g = 51 + -45. Suppose g*a - 23 = -5. Suppose -a*y + 2*z = -281, 5*y + z = 2*z + 459. What are the prime factors of y?
7, 13
Suppose y + 1 = -4*s + 5*s, -1 = -s + 5*y. List the prime factors of (-2571)/(-6) + s*6/(-12).
2, 107
Suppose -5774 = -10*b + 59096. List the prime factors of b.
13, 499
Let x = 54 - 49. Let o(g) = 2*g**3 + 6*g**2 - 11*g + 2. Let p be o(x). Suppose -208 = -5*f - 5*r + p, 121 = f - r. What are the prime factors of f?
2, 29
Let w be (-3 - 3223)/2 + -1. Let s = w - -2715. Suppose -2*o = -3*l + 671, 2*l = 7*l + o - s. List the prime factors of l.
13, 17
Let d = -18 - -25. Suppose -d*k + 8 = k. What are the prime factors of 3 - 174/((-2)/k)?
2, 3, 5
Let x(p) = 39*p + 4. Let i(k) = -15*k**2 - 44 + 25*k + 8*k**2 + 6*k**2. Let l be i(23). List the prime factors of x(l).
2, 41
Let w be (-12)/(-3) + 6 + (-7 - -397). Let f = 139 - 356. Let l = w + f. What are the prime factors of l?
3, 61
Let g be -2 + 4 + -17 + (-1 - -6). Suppose 0 = -5*r, k - 3*r = 5*k - 128. Let a = k + g. List the prime factors of a.
2, 11
Suppose 9*d + 169714 = 25*d - 709246. What are the prime factors of d?
5, 10987
Suppose -12*l = -72826 - 4286. What are the prime factors of l?
2, 3, 7, 17
Suppose 2*w + 6533 = g, -3*w = g - 4108 - 2410. List the prime factors of g.
61, 107
Suppose 857784 = n + 45*n + 66400. What are the prime factors of n?
2, 11, 17, 23
Let g(s) = -s**3 - 16*s**2 + 10*s + 2. Let f be g(-12). Suppose 23*w + 10103 = 32482. Let q = f + w. What are the prime factors of q?
3, 31
Suppose 49*i + 80898 = 63*i - 15226. What are the prime factors of i?
2, 3433
Let r(c) = -17*c**3 + 13*c**2 + 5*c - 189. What are the prime factors of r(-16)?
157, 463
Let r = 85 - 125. Let o = r - -40. Suppose 2*b + o - 156 = 0. What are the prime factors of b?
2, 3, 13
Let k be 110/(-33) - 1/(-3). Let f(h) = 6*h**2 - h - 12. Let b be f(k). Let w = b + 52. List the prime factors of w.
97
Let m(t) = 37*t**2 - 2*t - 3. Let h be m(2). Suppose h = 2*j - 227. List the prime factors of j.
2, 23
Suppose -118 = -25*f - 118. Suppose 0 = -5*z + 3*z - 36. What are the prime factors of 0 + (0 - f - z)?
2, 3
Suppose 13*o = 10*o, -n - 2*n + 54567 = -2*o. What are the prime factors of n?
3, 43, 47
Let w be -1*2/(-13) + 228536/364. Let s = -413 + w. What are the prime factors of s?
5, 43
Let j be ((-13 + 15)*15*1)/(-1). List the prime factors of (0 + 450/4)/((-15)/j).
3, 5
Let m = 33560 + -14200. What are the prime factors of m?
2, 5, 11
Let n(c) = -26*c**3 + 3*c**2 - 47*c + 1. List the prime factors of n(-7).
5, 1879
Let d = -89 + 89. Suppose -2*l = -3*g - 0*l + 5, d = 3*g + 3*l. List the prime factors of ((-2392)/(-12) - g/3) + -3.
2, 7
Suppose 2*w + 42 = 2*s + 9576, 4*s - 19060 = -4*w. List the prime factors of w.
2, 2383
Let b = 78 + -76. Suppose -4*x + 2772 = 7*j - 3*j, b*j - 2774 = -4*x. List the prime factors of x.
2, 347
Let k = -702 + 1295. Let t = k - 97. List the prime factors of t.
2, 31
Let o(f) = 457*f + 65. Let i be o(-2). Let l = i - -1588. List the prime factors of l.
739
Let b = -358 - -360. List the prime factors of 533 + b - (-24 - -22).
3, 179
Let m = 36 - -17. Suppose -180 = -2*p - x - m, -5*x = 5. Let z = 124 - p. What are the prime factors of z?
2, 3, 5
Suppose -b - 24380 = -23*b + 189372. What are the prime factors of b?
2, 7, 347
Suppose 3*b - 4*q + 6*q - 41 = 0, -49 = -3*b + 2*q. Let o(n) = n**3 - 15*n**2 + n - 19. Let z be o(b). What are the prime factors of z/(-12) - (-32)/3?
11
Let h be -1*1 - ((-3 - 3) + 6). What are the prime factors of ((-2205)/18 - 13)*(h - 1)?
271
Let w(t) = -t**2 + 6*t + 5. Suppose -2*j + j - l = -7, 4*l = 5*j - 35. Let c be w(j). List the prime factors of (3/((-3)/(-166)))/(0 - c).
83
Let w = 45 + -92. Let h = w - 21. List the prime factors of (-2138)/(-34) - 8/h.
3, 7
Suppose -8*m + 0*s = 2*s - 100350, m - 12565 = 4*s. List the prime factors of m.
5, 13, 193
Let b(j) = -2*j**2 - 2*j. Let c be b(-11). Let o = -128 - c. Suppose 3*h + 5*r - 4*r = 104, 3*h = 5*r + o. List the prime factors of h.
2, 17
Let x(b) = -b**2 + 15*b + 8. Let q be x(-14). List the prime factors of q/4*1*6*-1.
3, 199
Let v = 46309 + -23501. What are the prime factors of v?
2, 2851
Let k(f) = 6*f + 9*f**2 - 12 + 3 + 9. Let a be k(-4). Let v = 282 - a. List the prime factors of v.
2, 3
Suppose 15644 = r - 2*q, 3*q = 2*r + 4*q - 31313. What are the prime factors of r?
2, 3, 2609
Let l = 703 + 727. What are the prime factors of l?
2, 5, 11, 13
Suppose 3*u = 5*u + 17*u - 348080. What are the prime factors of u?
2, 5, 229
Let i be 5*1*(96/(-4))/(-1). Suppose -12*v + 6*v = -i. List the prime factors of v/14*(-1 + 8).
2, 5
Suppose k + 3*k - 5 = -5*m, 0 = k + 2*m + 1. Suppose -65 = k*c - b, -20 = -0*b + 4*b. List the prime factors of (10/c - (-2)/(-7)) + 107.
2, 53
Let v = -185 - 8. List the prime factors of 2 - (5 + v + 3).
11, 17
Let h(k) = 85*k**2 - 19*k + 54. Let a be h(3). Let u = a - 118. List the prime factors of u.
2, 7, 23
List the prime factors of 924/30*(-3490)/(-24) + 3/18.
3, 1493
Let f = -23 - -19. Suppose g = 3*g + 4. List the prime factors of g/f - (-476)/8.
2, 3, 5
List the prime factors of 13 - 846/66 - 328740/(-33).
2, 17, 293
Suppose -41*r + 39*r + 1954 = -3*j, 0 = -5*r + 2*j + 4863. List the prime factors of r.
971
Let o be 9626/18 - (-6)/27. Suppose -30*x - 8 - 112 = -54*x. Suppose -x*u + o = -2*p, 4*u - 535 = -u + 3*p. List the prime factors of u.
107
Let f(d) = -11*d + 182. Suppose 0 = -50*v - 787 - 113. List the prime factors of f(v).
2, 5, 19
Suppose -1054157 = -114*f - 55747 + 9920. What are the prime factors of f?
5, 29, 61
Suppose 187*p = 164*p + 396106. List the prime factors of p.
2, 79, 109
What are the prime factors of 123/(-9) - -14 - 6/9*-24739?
16493
Suppose 0 = -2*l - 4*a - 680, -18*a + 12 = -22*a. Let k(x) = -523*x**2 + 1. Let i be k(-1). Let j = l - i. List the prime factors of j.
2, 47
Suppose 78*b - 70*b = 11904. Suppose b = 17*k - 13489. What are the prime factors of k?
881
Let w(g) = 3*g**2 - 95*g + 68. Let l be (0 - 8)/((-1)/5). List the prime factors of w(l).
2, 3, 89
Suppose -5*j = 3*u - 24051, -4*j - 4*u = -7021 - 12215. What are the prime factors of j?
2, 3, 401
What are the prime factors of (0 + -4)/(-2*(-10)/(-56340))?
2, 3, 313
Let l(d) = 6516*d - 9816. What are the prime factors of l(12)?
2, 3, 7, 11, 37
Let n = 9 + -4. Let v(a) = -19*a + 3198. Let w be v(165). Suppose 4*l - w = -0*l + 5*q, -n*l + q + 84 = 0. List the prime factors of l.
17
Let j(s) = 13*s**2 + 244*s + 45. What are the prime factors of j(-23)?
2, 5, 131
Let n = 68136 + -41705. What are the prime factors of n?
26431
Suppose 1160 = -4*d + 2*w, d + 5*w = 3*w - 285. Let l = d - -552. What are the prime factors of l?
263
Let j = 3397 - -9131. What are the prime factors of j?
2, 3, 29
Suppose 7*z + 801 = 2*z + 4*o, 649 = -4*z - 5*o. Let d = 383 + z. What are the prime factors of d?
2, 3, 37
Let b = 32 + -13. Suppose -g + 21 = b. List the prime factors of 109*(0 + g/1).
2, 109
Let j = 207 + -206. Let n(x) = 111*x + 3. Let k(l) = -112*l - 3. Let d(r) = -3*k(r) - 2*n(r). What are the prime factors of d(j)?
3, 13
Let r = -40 - -199. Let f = r + 335. List the prime factors of f.
2, 13, 19
Let m = -69 - -73. Suppose -i - 2*g + 91 = -g, -400 = -m*i + 5*g. What are the prime factors of i?
5, 19
List the prime factors of ((-338)/(-39) - 9)/((-1)/(-67992)*-2).
2, 2833
Let v(q) be the first derivative of q**3 - 14*q**2 - 23*q + 34. Let a be v(12). Suppose 0*k + 35 = 3*x - k, 0 = -5*x - 2*k + a. List the prime factors of x.
13
Let m(c) be the third derivative of c**6/120 - c**5/30 - c**4/4 + 2*c**3/3 + 30*c**2 + 1. List the prime factors of m(11).
13, 79
Let l = -1573 - -475. Let n = -629 - l. List the prime factors of n.
7, 67
Let p(b) = 834*b**2 - 110*b - 494. What are the prime factors of p(-5)?
2, 10453
Suppose -4*a = -5*p + 3